5
What is the value of 78 + -64 - (1 - -13)?
0
Evaluate 18 + -17 + (0 - 3).
-2
What is 3 + -7 - (-13 + 7)?
2
Calculate (0 - (-2 + -7 + 3)) + -5.
1
Calculate (1 - 0) + (-2 - -1) + 3.
3
Evaluate -2 + -1 + 1 + 6 + 1.
5
Evaluate -2 + -1 + (-4 - -1 - -8).
2
Calculate (9 - 4) + -10 - -11.
6
Calculate 5 - ((-9 - -7) + 14).
-7
What is -7 + 2 - (5 - 5)?
-5
What is the value of 2 + -3 + -1 + 0?
-2
Evaluate 6 + (-11 - -2) + (0 - 2).
-5
Evaluate -1 + (1 - 0 - (-6 + 9)).
-3
What is the value of 0 + 20 - (-1 + 13)?
8
Evaluate 2 + -2 + (2 - 0).
2
-11 + (-6 - ((-5 - -9) + -14))
-7
Evaluate -1 - (-24 - -26 - (-1 + 6)).
2
Calculate 7 + -6 + 3 + -4.
0
Evaluate 6 + (-3 - (2 + 4)).
-3
(1 - 1) + -1 + -1 + 0
-2
17 + -2 + -10 - 8
-3
Evaluate 1 + 0 + (5 - (7 - 6)).
5
-9 + (4 - -7) - 6
-4
Evaluate (4 - 4 - 4) + 9.
5
(-3 - 6) + -2 + 9
-2
-11 + 11 + -5 + 3
-2
3 - (2 + 0 - (12 + -9))
4
5 + 0 - (-14 + 16) - 5
-2
Calculate 2 + -1 - (19 - (45 + -21)).
6
Calculate 30 - 25 - (1 + 3).
1
What is -1 + -5 + 8 + (-5 - -4)?
1
What is 1 + (7 - (9 - 3)) + 5?
7
Calculate (0 - 2) + -1 + 1 - -4.
2
Evaluate 3 + -1 + (-1 - 0).
1
What is the value of -4 + (-3 - (0 - 5))?
-2
(9 - 3) + 14 + -17
3
What is 0 - (-6 - (-3 + -3))?
0
Evaluate 14 + -24 + 6 + 3.
-1
What is the value of 7 - 3 - 4 - -8?
8
What is -1 + 0 + (5 - (5 - -3))?
-4
What is the value of -7 + (-1 + 1 - (-3 + 1))?
-5
(4 - (0 - -6)) + (0 - 2)
-4
Evaluate 14 - (-8 + 10) - 15.
-3
What is the value of 1 - -5 - (2 - (3 - 7))?
0
What is the value of 20 + -15 + (0 - 5 - -4)?
4
What is the value of (2 + -1 - 2) + 0?
-1
Evaluate 0 + -3 - ((-19 - -11) + 4).
1
What is (3 - 3) + -2 + 0 + 1?
-1
What is 0 - 0 - (8 + -12)?
4
What is the value of -2 + (6 - 2) + 6 + -8?
0
Calculate -17 - -15 - (-1 - (0 - 2)).
-3
What is the value of -3 - ((16 - 12) + -1 + -1)?
-5
What is the value of (12 - 11) + (-9 - -2) + -2?
-8
Evaluate (-3 + 10 - 4) + -5 + -1.
-3
What is (-1 - 1) + (-3 - -3) + -3?
-5
-1 - (-7 + 15 - 8)
-1
Evaluate (-1 - -4) + (-5 - (-3 + 3)).
-2
What is the value of -2 - -3 - ((1 - -5) + -6)?
1
1 + -15 + -4 - -10
-8
What is 0 - (3 + (2 - 4))?
-1
What is 3 + -1 + -7 - (3 - 3)?
-5
What is -7 - -2 - 1 - -6?
0
-1 + (2 + -5 - -8)
4
Calculate -1 + -2 + 5 - -2 - 4.
0
What is the value of -19 + 22 + (4 - 1) + -1?
5
What is the value of 4 + 1 - 1 - -1?
5
Calculate (0 - 2) + (2 - (-5 + 3)).
2
Calculate -4 + 0 + 3 - -6 - 0.
5
What is -5 + -9 + 9 - -1?
-4
-4 - (-3 + 3 + -4)
0
What is the value of 2 + 0 + (6 - -3 - 10)?
1
Evaluate -3 + -6 + (3 - -8).
2
What is the value of -5 + (-5 + 1 - 1) + 13?
3
What is the value of 3 - (8 - 0) - -5?
0
2 - (-3 - (4 - 4))
5
2 - 3 - (0 + 0 - 9)
8
Calculate 3 - (-3 - (-1 + 5 + -5)).
5
Calculate -2 + 4 - 2 - (-1 + -1).
2
Evaluate -5 + 12 - (-5 - -20 - 4).
-4
What is the value of 12 + -2 - 0 - 4?
6
What is the value of (-9 - -12) + -3 - -5?
5
What is the value of -4 - ((-6 - -3) + -5)?
4
Calculate (9 - (7 - 4)) + (-2 - 1).
3
-1 - 0 - ((4 - -2) + -11)
4
What is the value of 0 - ((2 - 5) + 5)?
-2
Calculate -9 + 19 + -10 - -5.
5
Calculate -6 + (-5 - -11) - 9.
-9
What is the value of 9 + (1 - 1) - 5?
4
What is -4 + (2 + 3 - 2) + 7?
6
-29 + 27 - (-2 + -1)
1
What is -18 + 8 + (6 + 2 - 4)?
-6
What is the value of (3 - 6) + 1 + (0 - 2)?
-4
Calculate 0 + 3 + (38 - 39).
2
What is -12 - (-7 - 1) - 1?
-5
3 + -2 + 5 + (2 - 4)
4
Calculate 1 - -2 - (1 + 0 + 7).
-5
What is the value of (5 - (-9 - -5)) + -2?
7
Evaluate (-7 - -7) + -11 - -2.
-9
What is the value of -1 + -9 + 9 + 1?
0
What is 1 - 1 - (11 - 10)?
-1
-9 + 15 + 2 - 14
-6
What is the value of 4 + (-6 - (0 + -1))?
-1
What is the value of (-3 + 5 - 3) + -2?
-3
Evaluate 3 + -4 + 17 + -14.
2
What is the value of 5 - (-6 + 5 + 1)?
5
What is the value of 10 + -12 + 7 + -2?
3
Calculate (5 - 3) + -1 + 3 + 1.
5
Evaluate -1 - (2 - 4 - (1 + 1)).
3
Calculate 13 + -2 + (-71 - -61).
1
-1 + (-4 - -14) + -7
2
-9 + (-1 - -8 - 4) + 4
-2
What is (-1 + 1 - (-1 - 1)) + 0?
2
-1 + (-4 + 13 - 2) + -7
-1
Calculate (2 - 3) + 1 + -1.
-1
What is 11 + (9 - 4) + -13?
3
-3 + -2 + 2 + 2 + -4
-5
2 + (-1 - -2) + 0
3
Evaluate 5 - 1 - (-41 - -44).
1
What is the value of 2 + (-2 - -5) - 16 - -2?
-9
Calculate 13 + 0 - (-2 + 15).
0
-3 + (-2 + 1 + 4 - 3)
-3
Calculate 15 + (-10 - 1) + -6.
-2
-8 + 0 - (2 - (7 + -1))
-4
Evaluate -5 + 4 + (-1 - -1).
-1
(1 - (4 + 6)) + 4
-5
Calculate 1 - -6 - (-2 - (0 + -5)).
4
What is ((-18 - -9) + 2 - -4) + 8?
5
(4 - (-2 + -3)) + -3 + -2
4
What is the value of -8 + (8 - -7) + 2?
9
Evaluate 4 - (6 + 0 + -5) - 4.
-1
What is the value of 0 - (5 - (4 - -1))?
0
Evaluate -10 - ((0 - 0) + -10).
0
Evaluate -1 - -7 - (-14 - (10 + -30)).
0
What is (1 - -3) + 5 + -4?
5
Evaluate (-1 - -14) + 20 + -17 + -10.
6
5 - (4 + -16 + 10)
7
Evaluate (-5 - 2) + 49 + -40.
2
3 - (3 - -3) - (-3 - 0)
0
Evaluate -8 + 23 + -5 + -6.
4
What is (30 - 27) + (-1 - -1) + 0?
3
What is the value of -2 - -3 - (-3 - -2 - 1)?
3
What is the value of (-5 - (-2 - -5)) + 5?
-3
Calculate (-1 - (-11 + 6)) + -3.
1
Calculate -11 + 17 - (0 + 6).
0
Calculate 9 + ((3 - 21) + 9 - -11).
11
(-1 - (-8 - -6)) + 1
2
-5 + 0 - -3 - (-5 + 3)
0
Calculate -2 - (-4 + -1) - (-15 + 18).
0
(-13 - -6) + 11 + (1 - 9)
-4
What is -3 + 2 + 2 - (1 - 0)?
0
Calculate (4 - -3) + (-5 - 1) + 3.
4
What is the value of 8 - (10 + 2 - 6)?
2
-1 - (-11 + 4 + 1)
5
What is the value of -8 - -2 - -4 - -2?
0
Evaluate (-4 - -6) + (-3 - (-2 + 5)).
-4
What is the value of -3 + 6 + -5 + 5 - 1?
2
What is 73 + -56 + 0 + -12?
5
What is 1 + -2 + -4 + (518 - 506)?
7
Evaluate -10 + (9 - 16 - -10).
-7
What is -4 + -6 + 8 + 5?
3
What is -8 + (12 - (-3 + 9))?
-2
What is the value of -6 - (0 + (-3 - -8) + -8)?
-3
What is 3 + (-3 - 8) - (0 - 5)?
-3
Evaluate -6 + 9 + (-9 - -1).
-5
What is (8 + -12 - -2) + (-1 - -7)?
4
Evaluate 13 + -3 - 2 - (5 + 10).
-7
What is (0 - -3) + 5 + (-1 - 1)?
6
What is (25 + -29 - (0 + 1)) + 5?
0
What is the value of 9 + -1 + 6 + -7?
7
5 + (-12 - (-5 - 0))
-2
What is (-20 + 8 - 0) + 5?
-7
Calculate 3 + -4 - -5 - (5 - 1).
0
What is -2 + -1 + 3 - (8 + 0)?
-8
What is the value of -5 + 7 + (0 - 2)?
0
Calculate (0 - (0 - -1)) + -62 + 64.
1
4 + -2 + (1 - 2) - 0
1
Evaluate (4 - 0) + -8 + 9.
5
What is 0 + -9 - (0 - 7) - 1?
-3
(-7 - -8) + (3 - 0 - 2)
2
Calculate (4 - 6) + -2 + 0.
-4
Evaluate -9 + -1 + 4 - 3.
-9
Calculate -8 + 13 + -1 + (0 - -1).
5
What is the value of 6 + -21 + 5 + 6?
-4
Evaluate -11 + (-10 + 3 - -21).
3
-6 + 7 + -2 + 6
5
0 - (-4 + -4) - 8
0
What is -2 - ((-6 - 0) + 31 + -27)?
0
Evaluate 4 - -5 - (15 + -2).
-4
6 - 3 - (3 - 1)
1
Evaluate 56 + -45 - (19 + 0).
-8
-5 + 5 + 1 + 4 + -2
3
(2 + 0 - 2) + 9 + -9
0
Evaluate (-7 - -1) + 0 - (7 + -8).
-5
Evaluate (-2 - -6) + 0 + -6 - -2.
0
Evaluate 4 + -3 - (5 - 1).
-3
Calculate (42 - 47) + (0 - -14).
9
Calculate 9 + -5 + -8 - 2 - 1.
-7
Calculate -2 - (5 - 2 - 8).
3
Calculate -5 + 0 + 4 + -5 + -1.
-7
What is the value of 8 - (7 + 5) - (-1 - 3)?
0
Evaluate 4 - -5 - 5 - (3 + -3).
4
What is the value of (-3 - 1) + (-13 - -15)?
-2
(1 - -1 - -2) + -4
0
What is the value of 3 + -2 - (1 + 1 + 1)?
-2
What is the value of (-6 - (1 + -3)) + 2?
-2
What is 5 + -4 + -14 - (18 - 22)?
-9
-3 - (23 - 8 - 7 - 2)
-9
What is -3 + 3 + -1 + 4 - -2?
5
Calculate (12 - (0 + 1)) + -11.
0
What is the value of 1 + 11 - (-12 - -26 - 8)?
6
Evaluate -1 - -1 - 0 - (-1 - 2).
3
What is 6 + (6 - 3 - 1)?
8
-19 + 15 - (-2 + -4 - 4)
6
What is (-31 - -31) + (1 - -1) + -4?
-2
(4 + -6 - 0) + 1
-1
What is the value of -9 - -4 - ((-4 - 2) + 3)?
-2
What is -7 + 3 - (-2 + 2 + -2)?
-2
Calculate -5 - ((-3 - 1) + 5).
-6
Calculate 4 - (8 - 3) - (-6 - -2).
3
Evaluate 4 + -2 + -9 + 11.
4
What is (-1 - -14) + -1 + -8?
4
(0 + -4 - -4) + 1
1
What is -1 + 4 + 4 + -3?
4
Evaluate 11 - (5 - (0 - (0 + -1))).
7
3 + (9 - 9 - -3)
6
What is the value of -10 + (26 - 11) - (1 + -3)?
7
What is -1 - -7 - (11 + -2 - -3)?
-6
Evaluate -1 - -5 - (-2 + (1 - -5)).
0
What is 13 + -2 + 4 + -10?
5
Evaluate -7 - -2 - (-7 - -1).
1
What is -4 + 10 + -9 + 4?
1
What is 1 + -4 + 5 + 5 + -2?
5
-59 - -62 - (1 - 0)
2
What is the value of -17 + 6 + 9 + 0?
-2
What is the value of -8 + 8 - -2 - 3?
-1
Calculate 1 - ((5 - 4 - 0) + -3).
3
-5 + -2 - (1 + (0 - 5))
-3
Evaluate -3 + (12 + -3 - 3).
3
Evaluate 10 - ((2 + 0 - -6) + -4).
6
Evaluate (5 - (-3 + -2 + 14)) + -3.
-7
Calculate -3 - (-1 + 3) - -1 - -6.